307*n + 1302*n + 30 - 2619*n. What is d(3)?
0
Let j(w) be the second derivative of 5*w**3/6 + 3*w**2 + 1117*w. Calculate j(11).
61
Suppose -3*v + 4*q + q = -2270, 790 = v + 5*q. Let s = v + -451. Let y(b) = 3*b - 314 + s. What is y(1)?
3
Let u(s) = 3035 - 1514 + s - 1545. Determine u(30).
6
Let k = 43 + -47. Let b be (37 + 0)*(6 + k). Let p(t) = -b*t**2 - 5*t + 3*t + t + 73*t**2 + 1. What is p(1)?
-1
Let a(c) = -122 + 238 + 14*c - 2*c**3 + 13*c**2 - 4*c - 130. What is a(7)?
7
Let y(d) = -9*d**2 + 4*d - 19. Let v(c) = -4*c**2 + 2*c - 9. Let s(g) = 7*v(g) - 3*y(g). Let t(x) = x**3 - 2*x**2 + 59*x - 265. Let k be t(4). What is s(k)?
-9
Suppose 0*a + 3*a + 2*j = -9, -2*j = 6. Let l = -53 - -52. Let u be a + ((-3)/l - 5). Let k(g) = g**3 - 2*g. What is k(u)?
-21
Let g(w) = -2*w + 19. Let c(t) = t**2 + 20*t + 102. Let y be c(-12). Give g(y).
7
Suppose -37*n + 42 + 245 + 120 = 0. Let j(d) = d**2 - 9*d - 17. Determine j(n).
5
Let v(k) = k**2. Let g(z) = -z**2 + 2. Let j(i) = 5*i**2 - 3*i - 7. Let r(t) = -3*g(t) - j(t). Let h be r(2). Calculate v(h).
1
Let c = 1700 - 1700. Let n(m) = -2*m**2 + m - 5. Calculate n(c).
-5
Let d(g) = -g**2 - 112*g + 703. Let j be d(6). Let z(s) = s**3 - 6*s**2 - 2*s - 5. Let a(i) = 2*i**3 - 6*i**2 - i - 5. Let r(o) = 2*a(o) - 3*z(o). Give r(j).
10
Let t be (-62)/(-24) + (-36)/48 + 3/18. Let z(c) = -18*c + 17. Determine z(t).
-19
Let k(i) = -6*i + 2*i + 9 + 2*i. Suppose -1197 = 5*f - 3*q + 4101, 4*f = -5*q - 4231. Let p = f + 1066. Give k(p).
-5
Let j(n) be the first derivative of -5*n**2/2 - 25*n - 698. Determine j(-5).
0
Suppose -1717 + 445 = 8*r. Let h = r + 153. Let n(s) = -2*s - 4. Give n(h).
8
Let k = 28400 + -28395. Let z(w) = -w**2 + 5*w - 23. Calculate z(k).
-23
Let g(v) = 3*v**2 + 63*v - 231. Let o be g(-24). Let h(z) = -9*z - 37. Give h(o).
98
Let y(n) = 3*n + 6. Let c(q) be the second derivative of -q**5/20 + 5*q**4/12 + 5*q**3/6 + q**2 - 50*q. Let k be c(6). Calculate y(k).
-6
Let n(x) = -2*x**2 + 138*x - 274. Let y be n(67). Let i(c) = -3*c**2 - 6*c - 2. Let k(b) = -4*b**2 - 6*b - 2. Let r(z) = 3*i(z) - 2*k(z). Calculate r(y).
-2
Let d(q) = 8*q**2 - 576*q + 11. Let p be d(72). Let w(x) = x**2 - 25*x + 15. Give w(p).
-139
Let b(l) = l**2 + 6*l - 7. Let f(q) = q**2 + 16*q - 55. Let o be f(-19). Suppose -3*z - 4 = o*h, -7*h = -5*h + z + 8. Give b(h).
-12
Let k(v) be the first derivative of v**4/12 - v**3/3 - v**2/2 + v - 111. Let h(p) be the first derivative of k(p). What is h(7)?
34
Let h(g) = -g**3 - 11*g**2 - 10*g + 4. Let s be h(-10). Let n(v) = 13*v**2 + s - 12*v**2 - 10*v + 3. What is n(8)?
-9
Let x(w) = 29*w**2 + 6*w - 23. Let c be x(3). Let t be ((-1)/1)/((-8)/c*4). Let l(z) = 3*z - 20. Give l(t).
4
Let u(o) = 4292*o**2 - 12868*o**2 + 4291*o**2 + o**3 + 4291*o**2 - 4 + 9*o. Calculate u(-4).
-8
Let t(x) = 8*x - 29 - 5 + 22 + 7 - x**2. What is t(8)?
-5
Let o(z) be the second derivative of -z**5/20 + 7*z**4/12 - 4*z**3/3 + 4*z**2 + 1278*z. Determine o(4).
24
Let f = -4437 + 4441. Let o(t) = -t**3 + t**2 + 13*t + 2. Determine o(f).
6
Let w(m) = -19 - 609*m**2 + 14*m + 1239*m**2 - 629*m**2. Calculate w(-17).
32
Suppose m + 3*h = 2, -3*h - h = 0. Let z(y) = -36*y**2 + 3 - 3*y - 37*y**m + 72*y**2. Give z(-2).
5
Suppose 2*x - 5*h = 286, 23 = x - 5*h - 125. Let q(u) = -5 + x*u**2 - 17*u**3 + 16*u**3 - 133*u**2. What is q(5)?
-5
Let s(r) = 2*r + 6 + 4 - 4*r. Let k(f) = -7*f**3 - f**2 - 110*f - 108. Let w be k(-1). Determine s(w).
-6
Let j(c) be the second derivative of 7/6*c**3 + 3*c**2 + 69*c + 1. Calculate j(-6).
-36
Let f(z) = -13*z**3 - 39*z**2 + 61*z + 191. Let w(s) = -10*s**3 - 39*s**2 + 57*s + 191. Let u(y) = 3*f(y) - 4*w(y). Give u(-40).
9
Let s(n) = 2*n**2 - 3*n - 6 - 2*n - n**2 - 3. Let t(r) = -r**3 + 17*r**2 - 52*r + 7. Let u be t(13). What is s(u)?
5
Let j(m) = 4*m + 2. Let g(k) = k - 5. Let v(a) = 3*g(a) - j(a). What is v(-4)?
-13
Suppose 0 = -3*r - 3*y + 6, 3*r + 5*y = -1 + 7. Let m(o) = -2*o - 3*o - 4 + o - o**r. Suppose 2*l + 0*p - 4*p - 6 = 0, 0 = l + 5*p + 18. Calculate m(l).
-1
Let q(r) = -2*r - 98. Let v be q(-48). Let b(i) = 77*i + 160. What is b(v)?
6
Let q be -1 + (-2 - -2) + 4. Suppose 753*h - 8 = 757*h. Let l(g) = 3*g + 5. Let x(f) = -7*f - 14. Let t(c) = h*x(c) - 5*l(c). Calculate t(q).
0
Suppose j = -3*s + 16, -2*s - 9*j = -4*j - 15. Let a(p) = 2 + 3 + s*p - 553*p**2 + 554*p**2. Determine a(-5).
5
Let y be 14 - (-9)/171*-133. Let t(w) = -10*w**3 + 11*w**2 + 21*w - 6. Let p(d) = 7*d**3 - 7*d**2 - 14*d + 4. Let o(f) = 7*p(f) + 5*t(f). What is o(y)?
-2
Let v(c) be the first derivative of 13*c**3 + c + 888. What is v(-1)?
40
Let d(p) = 4 + 2 - 2 + p**2 + 10*p - 2 - 5. Let s(b) = -b**2 - b + 4. Let t be s(-4). Give d(t).
-19
Let v = -24058 - -24039. Let c(i) = i**3 + 17*i**2 - 35*i + 56. Give c(v).
-1
Let w(z) be the second derivative of -z**5/20 + 5*z**4/3 - z**3/3 + 47*z**2/2 - 1824*z. Determine w(20).
7
Suppose 8*g = 3*g + 25. Let s(w) be the third derivative of w**5/60 - w**4/24 - 2*w**3/3 + 93*w**2 - 2*w. Determine s(g).
16
Let l(r) = r**3 + 14*r**2 + 31*r - 30. Suppose -20*y - 15*y - 638 = 23*y. What is l(y)?
-8
Let r(n) = -n**3 + 5*n**2 - 16*n. Let m be -14*48/(-504)*3. Determine r(m).
-48
Let p(z) = z**3 + 3*z**2 + z - 1. Suppose 3*c - 1824 = 4*i - 6*i, -2*c = i - 910. Let n = i - 921. Give p(n).
-4
Let u(s) = -s**2 + 4*s + 3. Let o(q) be the second derivative of -q**3/3 + 3*q**2 + 70*q. Let g be o(0). What is u(g)?
-9
Let f(r) = -r**3 + 6*r**2 + 3*r - 15. Let l = -28 + 61. Let o = 39 - l. Let w be f(o). Let x(q) = 2*q**2 - 4*q. Determine x(w).
6
Let t = 182 - 179. Let g(n) = 31 + 0*n + 0*n - 41 - n**t - 4*n**2 + 4*n. Calculate g(-5).
-5
Let p = -89 + 94. Suppose 2*q + 36 = p*w + 13, 4*w = 4*q + 16. Let x(s) = 0*s + 2*s + 0*s + 0*s + q. Calculate x(6).
13
Suppose 2*w = 8, 2*v + 5*w + 14 = 8*w. Let p be -2*3*v/(-6). Let h(u) = 4*u**3 + u**2. What is h(p)?
-3
Let b(u) = u**2 - 5*u - 5. Let q(r) = -r**3 + 13*r**2 - 102*r - 109. Let t(w) = 22*b(w) - q(w). Let i be -8 + (-3)/(6/4). Calculate t(i).
-21
Let d(n) = n**3 + 4*n**2 - 5*n - 6. Suppose 2*r = -2*r - 4*z + 12, 12 = 2*r - 4*z. Suppose o - 2 = -r, -5*m - 5*o - 35 = 0. Give d(m).
-6
Suppose 77 = -8*c + 101. Let t(o) = -2*o**c + 983*o - 977*o + 5 - 4*o**2 + o**3 - o**2. Calculate t(-5).
-25
Suppose -11*c = -3956 + 4374. Let k(x) = -5*x - 192. What is k(c)?
-2
Let f(q) be the second derivative of q**3/3 - 7*q**2 + 2102*q. What is f(13)?
12
Let c(f) be the third derivative of 0*f + 1/6*f**3 + 0 + 19*f**2 - 1/24*f**4. Suppose -t + 0*t - 9 = -4*r, -3*r + 3 = 0. Determine c(t).
6
Let g be ((-6)/(-6) + 3)*(-1 + 3). Let v(w) = 4 + 0 + 1 - w - 5 + 2. What is v(g)?
-6
Suppose -5*r - 12 = -l + 31, -5*l = 2*r + 28. Let u(t) = -41 - 20*t + 57*t - 19*t + 45 - 14*t. Determine u(r).
-32
Let u(r) be the first derivative of -r**4/4 + 5*r**3/3 + 7*r**2/2 + 5*r - 762. What is u(6)?
11
Let h be (10/4 - (-6)/12) + 2. Suppose 8*j - 90 = -h*a + 3*j, -4*a + 47 = -j. Suppose -2*m + 26 = 2*y, 3*m - 2 - a = 3*y. Let t(o) = -o**2 + 9*o - 8. Give t(m).
-8
Let b(p) = -p**2 + 22*p - 15. Let n be b(0). Let t(w) = -4*w + 24. Calculate t(n).
84
Let z(m) = -4*m**2 - 18*m - 1. Suppose -2*g - 30 = 5*c, 0 = -3*c - g - 37 + 20. Determine z(c).
7
Let w be (-6)/(-4)*(4/(-3))/(-1). Suppose 388 = v - b - 689, w*v - 4*b = 2158. Let h(p) = p - 2*p**2 + 1075 - v. Calculate h(2).
-6
Let w = -10 - -8. Let n be 36/w*(-3)/9. Let k(r) = -r**2 + 7*r - 6. Let g(z) = z**2 - 7*z + 6. Let h(c) = -3*g(c) - 2*k(c). Calculate h(n).
0
Let o(i) = -4*i**2 - 9*i + 16. Let r(g) = -g**2 - 2*g + 4. Let s(y) = 3*o(y) - 13*r(y). Let q(a) = a**3 - a**2 + a - 4. Let f be q(0). What is s(f)?
16
Suppose 0 = 6*r - 15 + 3. Let m(q) = -15*q + 20 + 13*q**2 + 6*q**2 - 31*q**2 + 11*q**r. What is m(-16)?
4
Let d(x) = -x**3 + 6*x**2 + 5*x + 1. Suppose -87*s + 96*s = 297. Suppose k + 10*z - 15*z + 13 = 0, -3*z = 3*k - s. Give d(k).
-13
Let x(z) = -z**2 - 5*z - 4. Suppose -2*i = 4*j - 4, 3*j + 0*j = 3. Suppose -3*g + 9 = 0, o = -i*o - 4*g + 11. Let u be (4 + (-170)/35)/(o/(-7)). What is x(u)?
-10
Let m be -1*5*(476/85)/(-14). Let h(b) = -12*b**2 + b - 6. Give h(m).
-52
Let k(u) = 12*u. Let t(p) = -276*p + 69. Let a(s) = 75*k(s) + 3*t(s). Give a(-3).
-9
Let r(l) = l - 19. Let t be r(12). Let g = 17 + t. Let j(a) =